{"id":2345,"date":"2018-06-04T22:02:42","date_gmt":"2018-06-04T21:02:42","guid":{"rendered":"http:\/\/cercleape.com\/?page_id=2345"},"modified":"2018-06-04T22:02:42","modified_gmt":"2018-06-04T21:02:42","slug":"le-forum-ouvert","status":"publish","type":"page","link":"https:\/\/www.cercleape.com\/?page_id=2345","title":{"rendered":"Forum ouvert ?"},"content":{"rendered":"<p>Beaucoup d&rsquo;interrogations sur le d\u00e9roulement d&rsquo;un forum ouvert, envie de participer mais sans vraiment savoir \u00e0 quoi s&rsquo;attendre ?<\/p>\n<p>Fr\u00e9d\u00e9ric Duriez vous en dit plus :<\/p>\n<p><img loading=\"lazy\" decoding=\"async\" class=\"alignnone size-full wp-image-2346\" src=\"https:\/\/www.cercleape.com\/wp-content\/uploads\/2018\/06\/cercleape_forumouvert.jpg\" alt=\"CercleAPE_ForumOuvert.jpg\" width=\"800\" height=\"1538\" srcset=\"https:\/\/www.cercleape.com\/wp-content\/uploads\/2018\/06\/cercleape_forumouvert.jpg 800w, https:\/\/www.cercleape.com\/wp-content\/uploads\/2018\/06\/cercleape_forumouvert-156x300.jpg 156w, https:\/\/www.cercleape.com\/wp-content\/uploads\/2018\/06\/cercleape_forumouvert-533x1024.jpg 533w, https:\/\/www.cercleape.com\/wp-content\/uploads\/2018\/06\/cercleape_forumouvert-768x1476.jpg 768w, https:\/\/www.cercleape.com\/wp-content\/uploads\/2018\/06\/cercleape_forumouvert-799x1536.jpg 799w\" sizes=\"auto, (max-width: 800px) 100vw, 800px\" \/><\/p>\n<p>Et qu&rsquo;est-ce qu&rsquo;on y fait ?<\/p>\n<p><img loading=\"lazy\" decoding=\"async\" class=\"alignnone size-full wp-image-2357\" src=\"https:\/\/www.cercleape.com\/wp-content\/uploads\/2018\/06\/forum-ouvert_explications2.jpg\" alt=\"Forum Ouvert_explications.jpg\" width=\"1298\" height=\"2048\" srcset=\"https:\/\/www.cercleape.com\/wp-content\/uploads\/2018\/06\/forum-ouvert_explications2.jpg 1298w, https:\/\/www.cercleape.com\/wp-content\/uploads\/2018\/06\/forum-ouvert_explications2-190x300.jpg 190w, https:\/\/www.cercleape.com\/wp-content\/uploads\/2018\/06\/forum-ouvert_explications2-649x1024.jpg 649w, https:\/\/www.cercleape.com\/wp-content\/uploads\/2018\/06\/forum-ouvert_explications2-768x1212.jpg 768w, https:\/\/www.cercleape.com\/wp-content\/uploads\/2018\/06\/forum-ouvert_explications2-974x1536.jpg 974w\" sizes=\"auto, (max-width: 1298px) 100vw, 1298px\" \/><\/p>\n","protected":false},"excerpt":{"rendered":"<p>Beaucoup d&rsquo;interrogations sur le d\u00e9roulement d&rsquo;un forum ouvert, envie de participer mais sans vraiment savoir \u00e0 quoi s&rsquo;attendre ? Fr\u00e9d\u00e9ric &hellip; <\/p>\n","protected":false},"author":2,"featured_media":0,"parent":2237,"menu_order":0,"comment_status":"closed","ping_status":"closed","template":"","meta":{"footnotes":""},"class_list":["post-2345","page","type-page","status-publish","hentry"],"_links":{"self":[{"href":"https:\/\/www.cercleape.com\/index.php?rest_route=\/wp\/v2\/pages\/2345","targetHints":{"allow":["GET"]}}],"collection":[{"href":"https:\/\/www.cercleape.com\/index.php?rest_route=\/wp\/v2\/pages"}],"about":[{"href":"https:\/\/www.cercleape.com\/index.php?rest_route=\/wp\/v2\/types\/page"}],"author":[{"embeddable":true,"href":"https:\/\/www.cercleape.com\/index.php?rest_route=\/wp\/v2\/users\/2"}],"replies":[{"embeddable":true,"href":"https:\/\/www.cercleape.com\/index.php?rest_route=%2Fwp%2Fv2%2Fcomments&post=2345"}],"version-history":[{"count":0,"href":"https:\/\/www.cercleape.com\/index.php?rest_route=\/wp\/v2\/pages\/2345\/revisions"}],"up":[{"embeddable":true,"href":"https:\/\/www.cercleape.com\/index.php?rest_route=\/wp\/v2\/pages\/2237"}],"wp:attachment":[{"href":"https:\/\/www.cercleape.com\/index.php?rest_route=%2Fwp%2Fv2%2Fmedia&parent=2345"}],"curies":[{"name":"wp","href":"https:\/\/api.w.org\/{rel}","templated":true}]}}