{"id":2587,"date":"2018-10-12T20:06:13","date_gmt":"2018-10-12T19:06:13","guid":{"rendered":"https:\/\/cercleape.wordpress.com\/?page_id=2587"},"modified":"2018-10-12T20:06:13","modified_gmt":"2018-10-12T19:06:13","slug":"world-cafe","status":"publish","type":"page","link":"https:\/\/www.cercleape.com\/?page_id=2587","title":{"rendered":"World Caf\u00e9"},"content":{"rendered":"<h2>Le cercle APE \u00ab\u00a0Apprendre ensemble\u00a0\u00bb organise son 1<sup>er<\/sup> \u00ab\u00a0World Caf\u00e9\u00a0\u00bb<\/h2>\n<h3>Le World Caf\u00e9, qu\u2019est-ce que c\u2019est\u00a0?<\/h3>\n<p style=\"text-align:justify;\">Le World Caf\u00e9 est une m\u00e9thodologie de discussion entre acteurs permettant, en intelligence collective, de faire \u00e9merger d\u2019un groupe des propositions concr\u00e8tes et partag\u00e9es par tous. Dans l\u2019ambiance d\u2019un caf\u00e9, autour d\u2019une table, les participants d\u00e9battent en petits groupes et bougent pour \u00ab\u00a0polliniser les id\u00e9es\u00a0\u00bb<a href=\"#_ftn1\" name=\"_ftnref1\">[1]<\/a>.<\/p>\n<p style=\"text-align:justify;\">Cette id\u00e9e de World Caf\u00e9 ne pouvait que passionner le cercle APE\u00a0!<\/p>\n<h3>Et alors, quid du World Caf\u00e9 du cercle APE\u00a0?<\/h3>\n<p>Le cercle APE a organis\u00e9 \u00e0 l\u2019\u00e9t\u00e9 2018 un <a href=\"http:\/\/cercleape.com\/2018-3\/\" target=\"_blank\" rel=\"noopener\">Forum Ouvert<\/a> dans les superbes locaux de l\u2019atelier de Design Okoni.<\/p>\n<div id='gallery-1' class='gallery galleryid-2587 gallery-columns-3 gallery-size-thumbnail'><figure class='gallery-item'>\n\t\t\t<div class='gallery-icon landscape'>\n\t\t\t\t<a href='https:\/\/www.cercleape.com\/?attachment_id=2406'><img loading=\"lazy\" decoding=\"async\" width=\"150\" height=\"150\" src=\"https:\/\/www.cercleape.com\/wp-content\/uploads\/2018\/08\/34607759_550915031968556_7410033262480850944_n-150x150.jpg\" class=\"attachment-thumbnail size-thumbnail\" alt=\"\" \/><\/a>\n\t\t\t<\/div><\/figure><figure class='gallery-item'>\n\t\t\t<div class='gallery-icon landscape'>\n\t\t\t\t<a href='https:\/\/www.cercleape.com\/?attachment_id=2435'><img loading=\"lazy\" decoding=\"async\" width=\"150\" height=\"150\" src=\"https:\/\/www.cercleape.com\/wp-content\/uploads\/2018\/08\/34859374_551042158622510_8585079513723961344_n-150x150.jpg\" class=\"attachment-thumbnail size-thumbnail\" alt=\"\" \/><\/a>\n\t\t\t<\/div><\/figure><figure class='gallery-item'>\n\t\t\t<div class='gallery-icon landscape'>\n\t\t\t\t<a href='https:\/\/www.cercleape.com\/?attachment_id=2434'><img loading=\"lazy\" decoding=\"async\" width=\"150\" height=\"150\" src=\"https:\/\/www.cercleape.com\/wp-content\/uploads\/2018\/08\/35050751_551042198622506_8795334157321371648_n-150x150.jpg\" class=\"attachment-thumbnail size-thumbnail\" alt=\"\" \/><\/a>\n\t\t\t<\/div><\/figure><figure class='gallery-item'>\n\t\t\t<div class='gallery-icon portrait'>\n\t\t\t\t<a href='https:\/\/www.cercleape.com\/?attachment_id=2515'><img loading=\"lazy\" decoding=\"async\" width=\"150\" height=\"150\" src=\"https:\/\/www.cercleape.com\/wp-content\/uploads\/2018\/08\/20180609_160836-e1534775931993-150x150.jpg\" class=\"attachment-thumbnail size-thumbnail\" alt=\"\" \/><\/a>\n\t\t\t<\/div><\/figure>\n\t\t<\/div>\n\n<p>Six learning th\u00e8mes ont \u00e9merg\u00e9 de ce Forum :<\/p>\n<ul>\n<li>Essaimer pour apprendre ensemble<\/li>\n<li>Co-\u00e9laborer une cartographie des savoirs<\/li>\n<li>Apprendre par les pairs<\/li>\n<li>IA et chatbot, pour quoi (pourquoi) faire\u00a0?<\/li>\n<li>Exp\u00e9rimenter la m\u00e9thode Scrum<\/li>\n<li>Organiser un voyage apprenant<\/li>\n<\/ul>\n<p>Pour <strong>approfondir ces th\u00e8mes<\/strong> et <strong>passer au prototypage<\/strong> des meilleures id\u00e9es, nous vous invitons \u00e0 nous rejoindre pour le 1<sup>er<\/sup> World Caf\u00e9 Cercle APE, le samedi 1er d\u00e9cembre 2018.<\/p>\n<p><iframe loading=\"lazy\" title=\"Le World Caf\u00e9 du Cercle APE en image\" width=\"750\" height=\"422\" src=\"https:\/\/www.youtube.com\/embed\/L4ChpsOFr5I?feature=oembed\" frameborder=\"0\" allow=\"accelerometer; autoplay; clipboard-write; encrypted-media; gyroscope; picture-in-picture\" allowfullscreen><\/iframe><\/p>\n<p><a href=\"#_ftnref1\" name=\"_ftn1\">[1]<\/a> Pour plus de pr\u00e9cision sur les World Caf\u00e9s, on peut utilement se r\u00e9f\u00e9rer \u00e0 <a href=\"http:\/\/www.theworldcafe.com\" target=\"_blank\" rel=\"noopener\">The World Caf\u00e9 Community Foundation<\/a><\/p>\n","protected":false},"excerpt":{"rendered":"<p>Le cercle APE \u00ab\u00a0Apprendre ensemble\u00a0\u00bb organise son 1er \u00ab\u00a0World Caf\u00e9\u00a0\u00bb Le World Caf\u00e9, qu\u2019est-ce que c\u2019est\u00a0? Le World Caf\u00e9 est &hellip; <\/p>\n","protected":false},"author":2,"featured_media":0,"parent":0,"menu_order":0,"comment_status":"closed","ping_status":"closed","template":"","meta":{"footnotes":""},"class_list":["post-2587","page","type-page","status-publish","hentry"],"_links":{"self":[{"href":"https:\/\/www.cercleape.com\/index.php?rest_route=\/wp\/v2\/pages\/2587","targetHints":{"allow":["GET"]}}],"collection":[{"href":"https:\/\/www.cercleape.com\/index.php?rest_route=\/wp\/v2\/pages"}],"about":[{"href":"https:\/\/www.cercleape.com\/index.php?rest_route=\/wp\/v2\/types\/page"}],"author":[{"embeddable":true,"href":"https:\/\/www.cercleape.com\/index.php?rest_route=\/wp\/v2\/users\/2"}],"replies":[{"embeddable":true,"href":"https:\/\/www.cercleape.com\/index.php?rest_route=%2Fwp%2Fv2%2Fcomments&post=2587"}],"version-history":[{"count":0,"href":"https:\/\/www.cercleape.com\/index.php?rest_route=\/wp\/v2\/pages\/2587\/revisions"}],"wp:attachment":[{"href":"https:\/\/www.cercleape.com\/index.php?rest_route=%2Fwp%2Fv2%2Fmedia&parent=2587"}],"curies":[{"name":"wp","href":"https:\/\/api.w.org\/{rel}","templated":true}]}}