{"id":2591,"date":"2018-10-12T20:11:13","date_gmt":"2018-10-12T19:11:13","guid":{"rendered":"http:\/\/cercleape.com\/?page_id=2591"},"modified":"2018-10-12T20:11:13","modified_gmt":"2018-10-12T19:11:13","slug":"preparation","status":"publish","type":"page","link":"https:\/\/www.cercleape.com\/?page_id=2591","title":{"rendered":"Pr\u00e9paration"},"content":{"rendered":"<p>Suite au <strong>forum ouvert<\/strong> du 09 juin 2018, une volont\u00e9 forte de poursuivre les \u00e9changes, de partager et d\u2019apprendre ensemble a fait \u00e9merger la cr\u00e9ation d\u2019un espace commun.<\/p>\n<p>Le <strong>Slack<\/strong> du Cercle APE a pour objectif de vous permettre de poursuivre ces \u00e9changes. Nous vous invitons \u00e0 le rejoindre \u00e0 travers ce <span style=\"text-decoration:underline;\"><span style=\"color:#000000;\"><strong><a class=\"customize-unpreviewable\" style=\"color:#000000;text-decoration:underline;\" href=\"https:\/\/join.slack.com\/t\/groupecercleape\/shared_invite\/enQtNDg4ODEwODE0MjMwLTU5NTVkMWE2MmFlMjNmNjllOTQyYmRhZTIzNzk4ZmI2MDgxM2VhNmRmOTZhZTM5MWFjMmM3YzljNDEyZmQyOTM\" target=\"_blank\" rel=\"noopener\">lien\u00a0<\/a><\/strong><\/span><\/span>n\u2019h\u00e9sitez pas \u00e0 nous <span style=\"color:#333399;\"><a class=\"customize-unpreviewable\" style=\"color:#333399;\" href=\"http:\/\/cercleape.com\/contact\/\" target=\"_blank\" rel=\"noopener\"><strong><span style=\"text-decoration:underline;\">contacte<\/span><\/strong><span style=\"text-decoration:underline;\">r<\/span><\/a><\/span> si besoin.<\/p>\n<p>Plusieurs th\u00e8mes ont \u00e9merg\u00e9 des groupes de r\u00e9flexion du forum ouvert et dont vous retrouverez les vid\u00e9os <a class=\"customize-unpreviewable\" href=\"http:\/\/cercleape.com\/2018\/09\/05\/forum-ouvert-2018-what-else-toutes-les-idees-pour-les-activites-futures-du-cercle\/\" target=\"_blank\" rel=\"noopener\"><strong><span style=\"color:#333399;\"><span style=\"text-decoration:underline;\">sur l\u2019onglet<\/span><\/span><\/strong><span style=\"color:#333399;\"> :\u00a0<\/span><\/a><\/p>\n<p>&#8211; cartographie des savoirs,<br \/>\n&#8211; chatbot apprenant et IA<br \/>\n&#8211; communication inter-cercles,<br \/>\n&#8211; essaimer<br \/>\n&#8211; tester des m\u00e9thodes (Scrum, Lego\u2019serious play, Co dev\u2026!), puis en faire ensemble le bilan m\u00e9tacognitif,<br \/>\n&#8211; voyage apprenant<br \/>\n&#8211; apprendre par les pairs.<\/p>\n<p>Vous les trouverez sous forme de cha\u00eene dans le slack. Nous vous invitons \u00e0 rejoindre\u00a0 le th\u00e8me qui vous int\u00e9resse pour animer ou contribuer et ce en auto-organisation. Si vous avez d\u2019autres th\u00e9matiques que vous souhaitez aborder, vous pouvez cr\u00e9er une cha\u00eene \u00e0 cet effet.<\/p>\n<p>Nous nous retrouvons au world caf\u00e9 l<strong>e 1er d\u00e9cembre 2018<\/strong>.<\/p>\n<p>En attendant, \u00e0 bient\u00f4t sur <a href=\"http:\/\/urlz.fr\/7HCf\" target=\"_blank\" rel=\"noopener\"><span style=\"color:#000000;\"><strong>Slack<\/strong><\/span><\/a> !<\/p>\n<p>Toute l\u2019\u00e9quipe du Cercle APE.<\/p>\n<div id=\"jp-post-flair\" class=\"sharedaddy sd-like-enabled sd-sharing-enabled\">\n<div class=\"sharedaddy sd-sharing-enabled\"><\/div>\n<\/div>\n","protected":false},"excerpt":{"rendered":"<p>Suite au forum ouvert du 09 juin 2018, une volont\u00e9 forte de poursuivre les \u00e9changes, de partager et d\u2019apprendre ensemble &hellip; <\/p>\n","protected":false},"author":2,"featured_media":0,"parent":2587,"menu_order":0,"comment_status":"closed","ping_status":"closed","template":"","meta":{"footnotes":""},"class_list":["post-2591","page","type-page","status-publish","hentry"],"_links":{"self":[{"href":"https:\/\/www.cercleape.com\/index.php?rest_route=\/wp\/v2\/pages\/2591","targetHints":{"allow":["GET"]}}],"collection":[{"href":"https:\/\/www.cercleape.com\/index.php?rest_route=\/wp\/v2\/pages"}],"about":[{"href":"https:\/\/www.cercleape.com\/index.php?rest_route=\/wp\/v2\/types\/page"}],"author":[{"embeddable":true,"href":"https:\/\/www.cercleape.com\/index.php?rest_route=\/wp\/v2\/users\/2"}],"replies":[{"embeddable":true,"href":"https:\/\/www.cercleape.com\/index.php?rest_route=%2Fwp%2Fv2%2Fcomments&post=2591"}],"version-history":[{"count":0,"href":"https:\/\/www.cercleape.com\/index.php?rest_route=\/wp\/v2\/pages\/2591\/revisions"}],"up":[{"embeddable":true,"href":"https:\/\/www.cercleape.com\/index.php?rest_route=\/wp\/v2\/pages\/2587"}],"wp:attachment":[{"href":"https:\/\/www.cercleape.com\/index.php?rest_route=%2Fwp%2Fv2%2Fmedia&parent=2591"}],"curies":[{"name":"wp","href":"https:\/\/api.w.org\/{rel}","templated":true}]}}