{"id":5237,"date":"2020-12-03T14:14:02","date_gmt":"2020-12-03T13:14:02","guid":{"rendered":"https:\/\/cercleape.wordpress.com\/?page_id=5237"},"modified":"2023-01-22T14:30:08","modified_gmt":"2023-01-22T13:30:08","slug":"les-badges-pourquoi-comment","status":"publish","type":"page","link":"https:\/\/www.cercleape.com\/?page_id=5237","title":{"rendered":"Les badges : pourquoi &#038; comment ?"},"content":{"rendered":"\n<blockquote class=\"wp-block-quote is-layout-flow wp-block-quote-is-layout-flow\">\n<p><strong><br>Avez-vous entendu parler des \u00ab&nbsp;open badges&nbsp;\u00bb&nbsp;? <\/strong><\/p>\n\n\n\n<p><strong> Ce membre de la grande famille du \u201clibre\u201d (<em>open source, open education, open access<\/em>\u2026) est un petit objet num\u00e9rique tr\u00e8s simple d\u2019utilisation qui permet la reconnaissance de tout type de parcours ou de comp\u00e9tences, mais aussi la reconnaissance de personnes, de projets, d\u2019engagements et d\u2019exp\u00e9riences individuelles ou collectives.<\/strong><\/p>\n<\/blockquote>\n\n\n\n<p id=\"block-cff0c654-ae52-483f-ab12-756e8160b064\"><strong>Depuis 2021, le Cercle APE et ses partenaires participent \u00e0 la valorisation et \u00e0 la reconnaissance des comp\u00e9tences. <strong>A partir de 2023, il vous permet, avec Futurs en Stock, \u00e0 l\u2019occasion du Festival de l\u2019Apprendre d\u2019obtenir le badge du voyage apprenant.<\/strong><\/strong><\/p>\n\n\n\n<p><strong>Le badge est une image num\u00e9rique<\/strong>, qui peut \u00eatre affich\u00e9e sur votre t\u00e9l\u00e9phone ou ordinateur en format PNG, un format utilis\u00e9 pour d\u2019autres images.<strong> <\/strong><\/p>\n\n\n\n<p id=\"block-b805b12e-311f-4811-bf93-8b2dafb29ee4\"><strong>Mais lorsque vous l\u2019affichez sur une plateforme de badges comme <a rel=\"noreferrer noopener\" href=\"https:\/\/openbadgepassport.com\/1accueil\/\" data-type=\"URL\" data-id=\"https:\/\/openbadgepassport.com\/1accueil\/\" target=\"_blank\">Openbadge Passport<\/a> <\/strong>(plateforme europ\u00e9enne et gratuite)<strong> l\u2019image r\u00e9v\u00e8le un contenu bien plus riche <\/strong>(m\u00e9tadonn\u00e9es) : une description de ce qui est reconnu, les crit\u00e8res qui ont permis d\u2019obtenir le badge, les traces de l\u2019apprentissage reconnu, le nom de la personne qui a \u00e9mis le badge et de celle qui l\u2019a re\u00e7u, et <strong>m\u00eame les recommandations des pairs, coll\u00e8gues ou autres du \/ de la b\u00e9n\u00e9ficiaire (ce que l\u2019on appelle \u201cl\u2019endossement\u201d).<\/strong><\/p>\n\n\n\n<figure class=\"wp-block-image size-large\"><img loading=\"lazy\" decoding=\"async\" width=\"1024\" height=\"576\" src=\"https:\/\/www.cercleape.com\/wp-content\/uploads\/2023\/01\/La-recette-1024x576.png\" alt=\"\" class=\"wp-image-6229\" srcset=\"https:\/\/www.cercleape.com\/wp-content\/uploads\/2023\/01\/La-recette-1024x576.png 1024w, https:\/\/www.cercleape.com\/wp-content\/uploads\/2023\/01\/La-recette-300x169.png 300w, https:\/\/www.cercleape.com\/wp-content\/uploads\/2023\/01\/La-recette-768x432.png 768w, https:\/\/www.cercleape.com\/wp-content\/uploads\/2023\/01\/La-recette-1536x864.png 1536w, https:\/\/www.cercleape.com\/wp-content\/uploads\/2023\/01\/La-recette.png 1920w\" sizes=\"auto, (max-width: 1024px) 100vw, 1024px\" \/><\/figure>\n\n\n\n<p><strong>Le Cercle APE vous propose depuis 2021 le badge \u201cJe pars en voyage apprenant\u201d et les badges d&rsquo;escale.<\/strong><\/p>\n\n\n\n<p>Ces badges ne sont pas des \u00ab micro-dipl\u00f4mes \u00bb et nous avons choisi de les utiliser pour la mani\u00e8re dont ils contribuent \u00e0 la reconnaissance ouverte du \u201cnon-formel\u201d et de \u201cl\u2019informel\u201d\u2026<\/p>\n\n\n\n<p><strong>Pourquoi demander les badges du Cercle APE ?<\/strong><\/p>\n\n\n\n<p id=\"block-e3d67cf0-a678-4e01-8a37-f0bf168025ab\">Chacun peut, au fil de son existence, acqu\u00e9rir des connaissances, capitaliser sur ses engagements, faire valider ses acquis par des communaut\u00e9s partageant ces m\u00eames savoirs, rejoindre virtuellement ou physiquement des r\u00e9seaux porteurs de connaissances additionnelles ou compl\u00e9mentaires\u2026 C\u2019est toute une <strong>cartographie <\/strong>qui se dessine ainsi, formant des territoires apprenants.<\/p>\n\n\n\n<p>Votre collection de badges<strong> Je pars en voyage apprenant<\/strong> et Badges d\u2019escale vous permettent aussi de garder en m\u00e9moire la collection de vos escales apprenantes.<\/p>\n\n\n\n<p>Les badges attestent par ailleurs de la r\u00e9alit\u00e9 des connaissances et\/ou des comp\u00e9tences que vous avez cr\u00e9\u00e9es dans un contexte plus ou moins formel. Ces badges peuvent \u00eatre valoris\u00e9s sur vos r\u00e9seaux sociaux professionnels reconnaissant ainsi vos apprentissages. Vous pouvez enfin partager le lien d\u2019un badge d\u2019escale ou de toute la collection (badge-cl\u00e9) avec les interlocuteurs de votre vie de tous les jours (emploi, vie associative, etc.).<\/p>\n\n\n\n<p>Enfin, nous vous encourageons \u00e0 cr\u00e9er une page \u00ab&nbsp;Mon carnet de voyage&nbsp;\u00bb dans votre profil sur Open Badge Passport et \u00e0 mettre en avant chacun de vos badges et votre parcours.<\/p>\n\n\n\n<p><\/p>\n","protected":false},"excerpt":{"rendered":"<p>Avez-vous entendu parler des \u00ab&nbsp;open badges&nbsp;\u00bb&nbsp;? Ce membre de la grande famille du \u201clibre\u201d (open source, open education, open access\u2026) &hellip; <\/p>\n","protected":false},"author":6,"featured_media":0,"parent":0,"menu_order":0,"comment_status":"closed","ping_status":"closed","template":"","meta":{"footnotes":""},"class_list":["post-5237","page","type-page","status-publish","hentry"],"_links":{"self":[{"href":"https:\/\/www.cercleape.com\/index.php?rest_route=\/wp\/v2\/pages\/5237","targetHints":{"allow":["GET"]}}],"collection":[{"href":"https:\/\/www.cercleape.com\/index.php?rest_route=\/wp\/v2\/pages"}],"about":[{"href":"https:\/\/www.cercleape.com\/index.php?rest_route=\/wp\/v2\/types\/page"}],"author":[{"embeddable":true,"href":"https:\/\/www.cercleape.com\/index.php?rest_route=\/wp\/v2\/users\/6"}],"replies":[{"embeddable":true,"href":"https:\/\/www.cercleape.com\/index.php?rest_route=%2Fwp%2Fv2%2Fcomments&post=5237"}],"version-history":[{"count":2,"href":"https:\/\/www.cercleape.com\/index.php?rest_route=\/wp\/v2\/pages\/5237\/revisions"}],"predecessor-version":[{"id":6262,"href":"https:\/\/www.cercleape.com\/index.php?rest_route=\/wp\/v2\/pages\/5237\/revisions\/6262"}],"wp:attachment":[{"href":"https:\/\/www.cercleape.com\/index.php?rest_route=%2Fwp%2Fv2%2Fmedia&parent=5237"}],"curies":[{"name":"wp","href":"https:\/\/api.w.org\/{rel}","templated":true}]}}