{"id":5297,"date":"2020-12-06T17:02:09","date_gmt":"2020-12-06T16:02:09","guid":{"rendered":"http:\/\/cercleape.com\/?page_id=5297"},"modified":"2023-04-20T19:26:22","modified_gmt":"2023-04-20T17:26:22","slug":"pour-un-guide-du-voyageur-apprenant","status":"publish","type":"page","link":"https:\/\/www.cercleape.com\/?page_id=5297","title":{"rendered":"Pour un guide du voyageur apprenant"},"content":{"rendered":"\n<p>C&rsquo;est une initiative du Cercle Apprendre ensemble, motiv\u00e9e par l&rsquo;id\u00e9e que l&rsquo;on apprend tous et tout le temps, en tous lieux. Chacun(e) peut entreprendre un voyage apprenant pour se d\u00e9centrer, sortir de ses rep\u00e8res habituels et exp\u00e9rimenter une forme d&rsquo;apprentissage nouvelle.<\/p>\n\n\n\n<figure class=\"wp-block-pullquote\"><blockquote><p>L&rsquo;id\u00e9e est de donner une forme au r\u00e9sultat de ce voyage et de la partager avec les autres voyageurs.&nbsp;<strong>Laisser une trace<\/strong>.<\/p><\/blockquote><\/figure>\n\n\n\n<p>Faire un voyage apprenant, c&rsquo;est se retrouver soi et s&rsquo;ouvrir \u00e0 l&rsquo;autre.&nbsp;Faire un voyage apprenant, c&rsquo;est une respiration, c&rsquo;est se donner du temps pour soi. <\/p>\n\n\n\n<p>On peut voyager sur la route, au coin de la rue, dans un lieu r\u00e9pertori\u00e9, devant un \u00e9cran, seul ou \u00e0 plusieurs.<\/p>\n\n\n\n<p> Bien s\u00fbr, le voyage s&rsquo;organise&#8230; mais pas trop, afin de laisser une porte ouverte \u00e0 l&rsquo;inconnu, au spontan\u00e9, \u00e0 ce qui survient, \u00e0 la bonne surprise, \u00e0 la belle rencontre.<\/p>\n\n\n\n<figure class=\"wp-block-image size-large\"><img loading=\"lazy\" decoding=\"async\" width=\"800\" height=\"606\" src=\"https:\/\/www.cercleape.com\/wp-content\/uploads\/2020\/12\/voyageroutard-4.png?w=800\" alt=\"\" class=\"wp-image-5319\" srcset=\"https:\/\/www.cercleape.com\/wp-content\/uploads\/2020\/12\/voyageroutard-4.png 800w, https:\/\/www.cercleape.com\/wp-content\/uploads\/2020\/12\/voyageroutard-4-300x227.png 300w, https:\/\/www.cercleape.com\/wp-content\/uploads\/2020\/12\/voyageroutard-4-768x582.png 768w\" sizes=\"auto, (max-width: 800px) 100vw, 800px\" \/><figcaption class=\"wp-element-caption\">Illustration : Fr\u00e9d\u00e9ric Duriez<\/figcaption><\/figure>\n\n\n\n<figure class=\"wp-block-pullquote\"><blockquote><p>On peut s&rsquo;identifier comme voyageur apprenant en communiquant sur les r\u00e9seaux sociaux avec&nbsp;<strong>#voyageapprenant<\/strong>.<\/p><\/blockquote><\/figure>\n\n\n\n<p>Un bon d\u00e9but est de consulter la liste des ressources <a href=\"https:\/\/www.cercleape.com\/?page_id=5331\">O\u00f9 voyager ?<\/a><\/p>\n\n\n\n<p><\/p>\n","protected":false},"excerpt":{"rendered":"<p>C&rsquo;est une initiative du Cercle Apprendre ensemble, motiv\u00e9e par l&rsquo;id\u00e9e que l&rsquo;on apprend tous et tout le temps, en tous &hellip; <\/p>\n","protected":false},"author":11,"featured_media":0,"parent":0,"menu_order":0,"comment_status":"closed","ping_status":"closed","template":"","meta":{"footnotes":""},"class_list":["post-5297","page","type-page","status-publish","hentry"],"_links":{"self":[{"href":"https:\/\/www.cercleape.com\/index.php?rest_route=\/wp\/v2\/pages\/5297","targetHints":{"allow":["GET"]}}],"collection":[{"href":"https:\/\/www.cercleape.com\/index.php?rest_route=\/wp\/v2\/pages"}],"about":[{"href":"https:\/\/www.cercleape.com\/index.php?rest_route=\/wp\/v2\/types\/page"}],"author":[{"embeddable":true,"href":"https:\/\/www.cercleape.com\/index.php?rest_route=\/wp\/v2\/users\/11"}],"replies":[{"embeddable":true,"href":"https:\/\/www.cercleape.com\/index.php?rest_route=%2Fwp%2Fv2%2Fcomments&post=5297"}],"version-history":[{"count":1,"href":"https:\/\/www.cercleape.com\/index.php?rest_route=\/wp\/v2\/pages\/5297\/revisions"}],"predecessor-version":[{"id":6494,"href":"https:\/\/www.cercleape.com\/index.php?rest_route=\/wp\/v2\/pages\/5297\/revisions\/6494"}],"wp:attachment":[{"href":"https:\/\/www.cercleape.com\/index.php?rest_route=%2Fwp%2Fv2%2Fmedia&parent=5297"}],"curies":[{"name":"wp","href":"https:\/\/api.w.org\/{rel}","templated":true}]}}