{"id":5911,"date":"2021-12-07T22:09:24","date_gmt":"2021-12-07T21:09:24","guid":{"rendered":"https:\/\/www.cercleape.com\/?page_id=5911"},"modified":"2022-04-01T14:36:22","modified_gmt":"2022-04-01T12:36:22","slug":"les-evenements","status":"publish","type":"page","link":"https:\/\/www.cercleape.com\/?page_id=5911","title":{"rendered":"Les \u00e9v\u00e9nements"},"content":{"rendered":"\n<p> <\/p>\n\n\n\n<div class=\"wp-block-image\"><figure class=\"aligncenter size-medium\"><img loading=\"lazy\" decoding=\"async\" width=\"212\" height=\"300\" src=\"https:\/\/www.cercleape.com\/wp-content\/uploads\/2021\/12\/F3E89820-0647-4708-ABDF-9914B32CE8AA-212x300.png\" alt=\"\" class=\"wp-image-5938\" srcset=\"https:\/\/www.cercleape.com\/wp-content\/uploads\/2021\/12\/F3E89820-0647-4708-ABDF-9914B32CE8AA-212x300.png 212w, https:\/\/www.cercleape.com\/wp-content\/uploads\/2021\/12\/F3E89820-0647-4708-ABDF-9914B32CE8AA-724x1024.png 724w, https:\/\/www.cercleape.com\/wp-content\/uploads\/2021\/12\/F3E89820-0647-4708-ABDF-9914B32CE8AA-768x1086.png 768w, https:\/\/www.cercleape.com\/wp-content\/uploads\/2021\/12\/F3E89820-0647-4708-ABDF-9914B32CE8AA.png 861w\" sizes=\"auto, (max-width: 212px) 100vw, 212px\" \/><\/figure><\/div>\n\n\n\n<h2 class=\"wp-block-heading\"><strong>Informations des #festivaldelapprendre (apr\u00e8s le 24 janvier 2022)<\/strong><\/h2>\n\n\n\n<h2 class=\"has-text-color wp-block-heading\" style=\"color:#41b517\">Du c\u00f4t\u00e9 de l&rsquo;APP Mulhouse<\/h2>\n\n\n\n<figure class=\"wp-block-image size-large\"><img loading=\"lazy\" decoding=\"async\" width=\"724\" height=\"1024\" src=\"https:\/\/www.cercleape.com\/wp-content\/uploads\/2022\/03\/2022-01-26-Info-reseauapp-724x1024.jpg\" alt=\"\" class=\"wp-image-6031\" srcset=\"https:\/\/www.cercleape.com\/wp-content\/uploads\/2022\/03\/2022-01-26-Info-reseauapp-724x1024.jpg 724w, https:\/\/www.cercleape.com\/wp-content\/uploads\/2022\/03\/2022-01-26-Info-reseauapp-212x300.jpg 212w, https:\/\/www.cercleape.com\/wp-content\/uploads\/2022\/03\/2022-01-26-Info-reseauapp-768x1086.jpg 768w, https:\/\/www.cercleape.com\/wp-content\/uploads\/2022\/03\/2022-01-26-Info-reseauapp-1086x1536.jpg 1086w, https:\/\/www.cercleape.com\/wp-content\/uploads\/2022\/03\/2022-01-26-Info-reseauapp-1448x2048.jpg 1448w, https:\/\/www.cercleape.com\/wp-content\/uploads\/2022\/03\/2022-01-26-Info-reseauapp.jpg 1587w\" sizes=\"auto, (max-width: 724px) 100vw, 724px\" \/><\/figure>\n\n\n\n<figure class=\"wp-block-image size-large\"><img loading=\"lazy\" decoding=\"async\" width=\"724\" height=\"1024\" src=\"https:\/\/www.cercleape.com\/wp-content\/uploads\/2022\/03\/2022-01-22-Info-APP-Mulhiouse-724x1024.jpg\" alt=\"\" class=\"wp-image-6030\" srcset=\"https:\/\/www.cercleape.com\/wp-content\/uploads\/2022\/03\/2022-01-22-Info-APP-Mulhiouse-724x1024.jpg 724w, https:\/\/www.cercleape.com\/wp-content\/uploads\/2022\/03\/2022-01-22-Info-APP-Mulhiouse-212x300.jpg 212w, https:\/\/www.cercleape.com\/wp-content\/uploads\/2022\/03\/2022-01-22-Info-APP-Mulhiouse-768x1086.jpg 768w, https:\/\/www.cercleape.com\/wp-content\/uploads\/2022\/03\/2022-01-22-Info-APP-Mulhiouse-1086x1536.jpg 1086w, https:\/\/www.cercleape.com\/wp-content\/uploads\/2022\/03\/2022-01-22-Info-APP-Mulhiouse-1448x2048.jpg 1448w, https:\/\/www.cercleape.com\/wp-content\/uploads\/2022\/03\/2022-01-22-Info-APP-Mulhiouse.jpg 1587w\" sizes=\"auto, (max-width: 724px) 100vw, 724px\" \/><\/figure>\n\n\n\n<h2 class=\"has-text-color wp-block-heading\" style=\"color:#41b517\"><strong>Du c\u00f4t\u00e9 de l&rsquo;IFCAM &#8211; Montrouge<\/strong><\/h2>\n\n\n\n<p>Pour la 2e&nbsp;ann\u00e9e l\u2019IFCAM, Universit\u00e9 du Groupe Cr\u00e9dit Agricole a particip\u00e9 au Festival de l\u2019Apprendre. Elle a choisi, cette ann\u00e9e, de faire un zoom sur les lieux pour apprendre avec&nbsp;:<\/p>\n\n\n\n<p>\u2013 le partage d\u2019une conf\u00e9rence anim\u00e9e par Denis Cristol pour l\u2019IFCAM&nbsp;:&nbsp;\u00ab&nbsp;Apprendre, la force des lieux&nbsp;\u00bb,<\/p>\n\n\n\n<p>\u2013 la publication d\u2019un article \u00ab&nbsp;Et si l\u2019on sortait de la salle de formation pour apprendre&nbsp;\u00bb&nbsp;?<\/p>\n\n\n\n<p>\u2013 L\u2019animation sur les r\u00e9seaux sociaux pour partager et recueillir des t\u00e9moignages.<\/p>\n\n\n\n<p>Vous voulez en savoir plus&nbsp;? Consultez l\u2019article complet de l\u2019IFCAM et retrouvez toutes les ressources&nbsp;:&nbsp;<\/p>\n\n\n\n<p><a rel=\"noreferrer noopener\" href=\"https:\/\/ifcam-formation.fr\/blog\/2022\/03\/01\/festival-apprendre-2022-ifcam-quelques-mots\/\" target=\"_blank\">Le Festival de l\u2019Apprendre 2022 \u00e0 l\u2019IFCAM en quelques mots\u2026 (ifcam-formation.fr)<\/a><\/p>\n\n\n\n<h2 class=\"has-text-color wp-block-heading\" style=\"color:#41b517\"><strong>Du c\u00f4t\u00e9 du cercle APE de Rouen<\/strong><\/h2>\n\n\n\n<p>Le site de la communaut\u00e9 des acteurs de la multimodalit\u00e9 en Normandie (Communotic) vient de publier un article rendant compte de la tenue du #festivaldelapprendre 2022 \u00e0 Rouen.<\/p>\n\n\n\n<p>Les interventions riches et vari\u00e9es qui ont eu lieu au Festival de l\u2019Apprendre 2022 sont d\u00e9sormais accessibles en ligne. <\/p>\n\n\n\n<p>Celle port\u00e9e par l\u2019\u00e9quipe des b\u00e9n\u00e9voles de Rouen fait la part belle aux exp\u00e9riences p\u00e9dagogiques fortes, en lien avec les Objectifs de D\u00e9veloppement Durable (ODD) mis en place par l\u2019ONU\u00a0\u00bb&#8230;. <\/p>\n\n\n\n<p>Pour en savoir plus &nbsp;le lien vers le replay (1h30) post\u00e9 sur la chaine Youtube du cercle APE <a rel=\"noreferrer noopener\" href=\"https:\/\/www.youtube.com\/watch?v=_bb9jXL6lcE\" target=\"_blank\">https:\/\/www.youtube.com\/watch?v=_bb9jXL6lcE<\/a><\/p>\n\n\n\n<p><a href=\"https:\/\/communotic.normandie.fr\/actualites\/festival-de-lapprendre-2022-tout-est-en-ligne\">https:\/\/communotic.normandie.fr\/actualites\/festival-de-lapprendre-2022-tout-est-en-ligne<\/a><\/p>\n\n\n\n<h2 class=\"has-text-color wp-block-heading\" style=\"color:#41b517\"><strong>Du c\u00f4t\u00e9 du cercle APE de Bretagne<\/strong><\/h2>\n\n\n\n<p>L&rsquo;activit\u00e9 en ligne \u00ab\u00a0A vos&nbsp;tutos\u00a0\u00bb reste ouverte tout au long de l&rsquo;ann\u00e9e&nbsp;2022 ! Il s&rsquo;agit de cr\u00e9er, poster, partager un tuto de votre choix&nbsp;et en d\u00e9couvrir.<\/p>\n\n\n\n<p><a href=\"https:\/\/padlet.com\/atelierduformateur\/festival2022\">https:\/\/padlet.com\/atelierduformateur\/festival2022<\/a><\/p>\n\n\n\n<p><\/p>\n\n\n\n<h2 class=\"wp-block-heading\">Liste des #festivaldelapprendre (avant le 24 janvier 2022)<\/h2>\n\n\n\n<p> avec le lien pour s&rsquo;informer et s&rsquo;inscrire <strong>gratuitement<\/strong><\/p>\n\n\n\n<p><\/p>\n\n\n\n<p>Le festival de l\u2019apprendre avec Lina HAMED de<strong>&nbsp;<a rel=\"noreferrer noopener\" href=\"https:\/\/www.eventbrite.com\/e\/billets-secrets-et-pouvoirs-des-arbres-230248358037\" target=\"_blank\">Chaville<\/a><\/strong>&nbsp;le 22 janvier&nbsp;2022<\/p>\n\n\n\n<p>Le festival de l&rsquo;apprendre avec le cercle APE de<strong>&nbsp;<a rel=\"noreferrer noopener\" href=\"https:\/\/www.eventbrite.fr\/e\/billets-festival-de-lapprendre-rouen-3eme-edition-215197009047\" target=\"_blank\">Rouen<\/a><\/strong>&nbsp;le 24 janvier&nbsp;2022<\/p>\n\n\n\n<p>Le festival de l&rsquo;apprendre en ligne \u00e0 <a href=\"https:\/\/www.eventbrite.fr\/e\/billets-festival-de-lapprendre-2022-ce-personnage-qui-ma-tant-appris-230071087817?aff=ebdestsearch\"><strong>Paris<\/strong><\/a> avec Nora Bourchak le 24 janvier 2022<\/p>\n\n\n\n<p>Le festival de l&rsquo;apprendre en ligne avec l&rsquo;IFCAM&nbsp;\u00e0&nbsp;<a href=\"https:\/\/ifcam-showroom.fr\/\" target=\"_blank\" rel=\"noreferrer noopener\"><strong>Montrouge<\/strong> <\/a>du 24 au 28 janvier 2022<\/p>\n\n\n\n<p>Le festival de l\u2019apprendre \u00e0&nbsp;<a rel=\"noreferrer noopener\" href=\"https:\/\/docs.google.com\/forms\/d\/e\/1FAIpQLSemuEHKhFzlT4DDSkakO2oiuHegg8gBDW91bN8tAM2_faT1GQ\/viewform\" target=\"_blank\"><strong>Mulhouse<\/strong>&nbsp;<\/a>avec le #reseauapp le mercredi 26 janvier&nbsp;2022, de 9h \u00e0 12h<\/p>\n\n\n\n<p>Le festival de l&rsquo;apprendre \u00e0&nbsp;<strong><a href=\"https:\/\/forms.office.com\/pages\/responsepage.aspx?id=3JgoptjIYEy4BQK1rRDJg37aNXcXECRJo8n0ic74lbZUM0g3RDVNNk5OQlpaRzZQNEZXOU0zSDdRMS4u\" target=\"_blank\" rel=\"noreferrer noopener\">Toulouse<\/a><\/strong>&nbsp;avec TBS Education le 27 janvier&nbsp;2022<\/p>\n\n\n\n<p>Le festival de l&rsquo;Apprendre avec <u><a rel=\"noreferrer noopener\" href=\"https:\/\/latelierduformateur.fr\/festival-de-lapprendre-2022-cest-parti\/?fbclid=IwAR1m3e0Z5R9aN7I0YzzxznSDkkBT99s550UP_CAtLerJkvPiPADeQ1S5D5Q\" target=\"_blank\">l&rsquo;Atelier du Formateur (Bretagne)<\/a> <\/u>; le jeudi 27 janvier \u00e0 14h<\/p>\n\n\n\n<p>Le festival de l&rsquo;apprendre bimodale \u00e0&nbsp;<strong><a href=\"https:\/\/www.helloasso.com\/associations\/cofoli\/evenements\/festival-de-l-apprendre-2022\" target=\"_blank\" rel=\"noreferrer noopener\">Angers &amp; Nantes<\/a><\/strong>&nbsp;avec COFOLI le 03 f\u00e9vrier 2022<\/p>\n","protected":false},"excerpt":{"rendered":"<p>Informations des #festivaldelapprendre (apr\u00e8s le 24 janvier 2022) Du c\u00f4t\u00e9 de l&rsquo;APP Mulhouse Du c\u00f4t\u00e9 de l&rsquo;IFCAM &#8211; Montrouge Pour &hellip; <\/p>\n","protected":false},"author":12,"featured_media":0,"parent":0,"menu_order":0,"comment_status":"closed","ping_status":"closed","template":"","meta":{"footnotes":""},"class_list":["post-5911","page","type-page","status-publish","hentry"],"_links":{"self":[{"href":"https:\/\/www.cercleape.com\/index.php?rest_route=\/wp\/v2\/pages\/5911","targetHints":{"allow":["GET"]}}],"collection":[{"href":"https:\/\/www.cercleape.com\/index.php?rest_route=\/wp\/v2\/pages"}],"about":[{"href":"https:\/\/www.cercleape.com\/index.php?rest_route=\/wp\/v2\/types\/page"}],"author":[{"embeddable":true,"href":"https:\/\/www.cercleape.com\/index.php?rest_route=\/wp\/v2\/users\/12"}],"replies":[{"embeddable":true,"href":"https:\/\/www.cercleape.com\/index.php?rest_route=%2Fwp%2Fv2%2Fcomments&post=5911"}],"version-history":[{"count":22,"href":"https:\/\/www.cercleape.com\/index.php?rest_route=\/wp\/v2\/pages\/5911\/revisions"}],"predecessor-version":[{"id":6042,"href":"https:\/\/www.cercleape.com\/index.php?rest_route=\/wp\/v2\/pages\/5911\/revisions\/6042"}],"wp:attachment":[{"href":"https:\/\/www.cercleape.com\/index.php?rest_route=%2Fwp%2Fv2%2Fmedia&parent=5911"}],"curies":[{"name":"wp","href":"https:\/\/api.w.org\/{rel}","templated":true}]}}

Les événements

<p> </p>



<div class="wp-block-image"><figure class="aligncenter size-medium"><img loading="lazy" decoding="async" width="212" height="300" src="https://www.cercleape.com/wp-content/uploads/2021/12/F3E89820-0647-4708-ABDF-9914B32CE8AA-212x300.png" alt="" class="wp-image-5938" srcset="https://www.cercleape.com/wp-content/uploads/2021/12/F3E89820-0647-4708-ABDF-9914B32CE8AA-212x300.png 212w, https://www.cercleape.com/wp-content/uploads/2021/12/F3E89820-0647-4708-ABDF-9914B32CE8AA-724x1024.png 724w, https://www.cercleape.com/wp-content/uploads/2021/12/F3E89820-0647-4708-ABDF-9914B32CE8AA-768x1086.png 768w, https://www.cercleape.com/wp-content/uploads/2021/12/F3E89820-0647-4708-ABDF-9914B32CE8AA.png 861w" sizes="auto, (max-width: 212px) 100vw, 212px" /></figure></div>



<h2 class="wp-block-heading"><strong>Informations des #festivaldelapprendre (après le 24 janvier 2022)</strong></h2>



<h2 class="has-text-color wp-block-heading" style="color:#41b517">Du côté de l&rsquo;APP Mulhouse</h2>



<figure class="wp-block-image size-large"><img loading="lazy" decoding="async" width="724" height="1024" src="https://www.cercleape.com/wp-content/uploads/2022/03/2022-01-26-Info-reseauapp-724x1024.jpg" alt="" class="wp-image-6031" srcset="https://www.cercleape.com/wp-content/uploads/2022/03/2022-01-26-Info-reseauapp-724x1024.jpg 724w, https://www.cercleape.com/wp-content/uploads/2022/03/2022-01-26-Info-reseauapp-212x300.jpg 212w, https://www.cercleape.com/wp-content/uploads/2022/03/2022-01-26-Info-reseauapp-768x1086.jpg 768w, https://www.cercleape.com/wp-content/uploads/2022/03/2022-01-26-Info-reseauapp-1086x1536.jpg 1086w, https://www.cercleape.com/wp-content/uploads/2022/03/2022-01-26-Info-reseauapp-1448x2048.jpg 1448w, https://www.cercleape.com/wp-content/uploads/2022/03/2022-01-26-Info-reseauapp.jpg 1587w" sizes="auto, (max-width: 724px) 100vw, 724px" /></figure>



<figure class="wp-block-image size-large"><img loading="lazy" decoding="async" width="724" height="1024" src="https://www.cercleape.com/wp-content/uploads/2022/03/2022-01-22-Info-APP-Mulhiouse-724x1024.jpg" alt="" class="wp-image-6030" srcset="https://www.cercleape.com/wp-content/uploads/2022/03/2022-01-22-Info-APP-Mulhiouse-724x1024.jpg 724w, https://www.cercleape.com/wp-content/uploads/2022/03/2022-01-22-Info-APP-Mulhiouse-212x300.jpg 212w, https://www.cercleape.com/wp-content/uploads/2022/03/2022-01-22-Info-APP-Mulhiouse-768x1086.jpg 768w, https://www.cercleape.com/wp-content/uploads/2022/03/2022-01-22-Info-APP-Mulhiouse-1086x1536.jpg 1086w, https://www.cercleape.com/wp-content/uploads/2022/03/2022-01-22-Info-APP-Mulhiouse-1448x2048.jpg 1448w, https://www.cercleape.com/wp-content/uploads/2022/03/2022-01-22-Info-APP-Mulhiouse.jpg 1587w" sizes="auto, (max-width: 724px) 100vw, 724px" /></figure>



<h2 class="has-text-color wp-block-heading" style="color:#41b517"><strong>Du côté de l&rsquo;IFCAM &#8211; Montrouge</strong></h2>



<p>Pour la 2e&nbsp;année l’IFCAM, Université du Groupe Crédit Agricole a participé au Festival de l’Apprendre. Elle a choisi, cette année, de faire un zoom sur les lieux pour apprendre avec&nbsp;:</p>



<p>– le partage d’une conférence animée par Denis Cristol pour l’IFCAM&nbsp;:&nbsp;«&nbsp;Apprendre, la force des lieux&nbsp;»,</p>



<p>– la publication d’un article «&nbsp;Et si l’on sortait de la salle de formation pour apprendre&nbsp;»&nbsp;?</p>



<p>– L’animation sur les réseaux sociaux pour partager et recueillir des témoignages.</p>



<p>Vous voulez en savoir plus&nbsp;? Consultez l’article complet de l’IFCAM et retrouvez toutes les ressources&nbsp;:&nbsp;</p>



<p><a rel="noreferrer noopener" href="https://ifcam-formation.fr/blog/2022/03/01/festival-apprendre-2022-ifcam-quelques-mots/" target="_blank">Le Festival de l’Apprendre 2022 à l’IFCAM en quelques mots… (ifcam-formation.fr)</a></p>



<h2 class="has-text-color wp-block-heading" style="color:#41b517"><strong>Du côté du cercle APE de Rouen</strong></h2>



<p>Le site de la communauté des acteurs de la multimodalité en Normandie (Communotic) vient de publier un article rendant compte de la tenue du #festivaldelapprendre 2022 à Rouen.</p>



<p>Les interventions riches et variées qui ont eu lieu au Festival de l’Apprendre 2022 sont désormais accessibles en ligne. </p>



<p>Celle portée par l’équipe des bénévoles de Rouen fait la part belle aux expériences pédagogiques fortes, en lien avec les Objectifs de Développement Durable (ODD) mis en place par l’ONU »&#8230;. </p>



<p>Pour en savoir plus &nbsp;le lien vers le replay (1h30) posté sur la chaine Youtube du cercle APE <a rel="noreferrer noopener" href="https://www.youtube.com/watch?v=_bb9jXL6lcE" target="_blank">https://www.youtube.com/watch?v=_bb9jXL6lcE</a></p>



<p><a href="https://communotic.normandie.fr/actualites/festival-de-lapprendre-2022-tout-est-en-ligne">https://communotic.normandie.fr/actualites/festival-de-lapprendre-2022-tout-est-en-ligne</a></p>



<h2 class="has-text-color wp-block-heading" style="color:#41b517"><strong>Du côté du cercle APE de Bretagne</strong></h2>



<p>L&rsquo;activité en ligne « A vos&nbsp;tutos » reste ouverte tout au long de l&rsquo;année&nbsp;2022 ! Il s&rsquo;agit de créer, poster, partager un tuto de votre choix&nbsp;et en découvrir.</p>



<p><a href="https://padlet.com/atelierduformateur/festival2022">https://padlet.com/atelierduformateur/festival2022</a></p>



<p></p>



<h2 class="wp-block-heading">Liste des #festivaldelapprendre (avant le 24 janvier 2022)</h2>



<p> avec le lien pour s&rsquo;informer et s&rsquo;inscrire <strong>gratuitement</strong></p>



<p></p>



<p>Le festival de l’apprendre avec Lina HAMED de<strong>&nbsp;<a rel="noreferrer noopener" href="https://www.eventbrite.com/e/billets-secrets-et-pouvoirs-des-arbres-230248358037" target="_blank">Chaville</a></strong>&nbsp;le 22 janvier&nbsp;2022</p>



<p>Le festival de l&rsquo;apprendre avec le cercle APE de<strong>&nbsp;<a rel="noreferrer noopener" href="https://www.eventbrite.fr/e/billets-festival-de-lapprendre-rouen-3eme-edition-215197009047" target="_blank">Rouen</a></strong>&nbsp;le 24 janvier&nbsp;2022</p>



<p>Le festival de l&rsquo;apprendre en ligne à <a href="https://www.eventbrite.fr/e/billets-festival-de-lapprendre-2022-ce-personnage-qui-ma-tant-appris-230071087817?aff=ebdestsearch"><strong>Paris</strong></a> avec Nora Bourchak le 24 janvier 2022</p>



<p>Le festival de l&rsquo;apprendre en ligne avec l&rsquo;IFCAM&nbsp;à&nbsp;<a href="https://ifcam-showroom.fr/" target="_blank" rel="noreferrer noopener"><strong>Montrouge</strong> </a>du 24 au 28 janvier 2022</p>



<p>Le festival de l’apprendre à&nbsp;<a rel="noreferrer noopener" href="https://docs.google.com/forms/d/e/1FAIpQLSemuEHKhFzlT4DDSkakO2oiuHegg8gBDW91bN8tAM2_faT1GQ/viewform" target="_blank"><strong>Mulhouse</strong>&nbsp;</a>avec le #reseauapp le mercredi 26 janvier&nbsp;2022, de 9h à 12h</p>



<p>Le festival de l&rsquo;apprendre à&nbsp;<strong><a href="https://forms.office.com/pages/responsepage.aspx?id=3JgoptjIYEy4BQK1rRDJg37aNXcXECRJo8n0ic74lbZUM0g3RDVNNk5OQlpaRzZQNEZXOU0zSDdRMS4u" target="_blank" rel="noreferrer noopener">Toulouse</a></strong>&nbsp;avec TBS Education le 27 janvier&nbsp;2022</p>



<p>Le festival de l&rsquo;Apprendre avec <u><a rel="noreferrer noopener" href="https://latelierduformateur.fr/festival-de-lapprendre-2022-cest-parti/?fbclid=IwAR1m3e0Z5R9aN7I0YzzxznSDkkBT99s550UP_CAtLerJkvPiPADeQ1S5D5Q" target="_blank">l&rsquo;Atelier du Formateur (Bretagne)</a> </u>; le jeudi 27 janvier à 14h</p>



<p>Le festival de l&rsquo;apprendre bimodale à&nbsp;<strong><a href="https://www.helloasso.com/associations/cofoli/evenements/festival-de-l-apprendre-2022" target="_blank" rel="noreferrer noopener">Angers &amp; Nantes</a></strong>&nbsp;avec COFOLI le 03 février 2022</p>

<p>Informations des #festivaldelapprendre (après le 24 janvier 2022) Du côté de l&rsquo;APP Mulhouse Du côté de l&rsquo;IFCAM &#8211; Montrouge Pour &hellip; </p>
