{"id":5931,"date":"2021-12-22T19:06:48","date_gmt":"2021-12-22T18:06:48","guid":{"rendered":"https:\/\/www.cercleape.com\/?page_id=5931"},"modified":"2024-05-08T20:27:22","modified_gmt":"2024-05-08T18:27:22","slug":"le-badge-organisateur-de-festival","status":"publish","type":"page","link":"https:\/\/www.cercleape.com\/?page_id=5931","title":{"rendered":"Le badge Organisateur de festival"},"content":{"rendered":"<div class=\"wp-block-image\">\n<figure class=\"alignright size-full\"><img loading=\"lazy\" decoding=\"async\" width=\"250\" height=\"202\" src=\"https:\/\/www.cercleape.com\/wp-content\/uploads\/2020\/12\/badge-boat-reconnaitre-en-nouvelle-aquitaine-sans-contour-300x242-e1588870384415.png\" alt=\"\" class=\"wp-image-5179\"\/><\/figure>\n<\/div>\n\n\n<p id=\"block-cff0c654-ae52-483f-ab12-756e8160b064\"><strong>En 2022, le Cercle APE et son partenaire le\u00a0r\u00e9seau B.O.A.T\u00a0participaient \u00e0 la valorisation et \u00e0 la reconnaissance des comp\u00e9tences en proposant, aux organisateurs de #festivaldelapprendre de recevoir un badge. <\/strong><\/p>\n\n\n\n<p><\/p>\n\n\n\n<p><\/p>\n\n\n\n<div class=\"wp-block-media-text alignwide is-stacked-on-mobile\"><figure class=\"wp-block-media-text__media\"><img loading=\"lazy\" decoding=\"async\" width=\"591\" height=\"608\" src=\"https:\/\/www.cercleape.com\/wp-content\/uploads\/2020\/12\/badge_organis.png\" alt=\"\" class=\"wp-image-5285 size-full\" srcset=\"https:\/\/www.cercleape.com\/wp-content\/uploads\/2020\/12\/badge_organis.png 591w, https:\/\/www.cercleape.com\/wp-content\/uploads\/2020\/12\/badge_organis-292x300.png 292w\" sizes=\"auto, (max-width: 591px) 100vw, 591px\" \/><\/figure><div class=\"wp-block-media-text__content\">\n<p class=\"has-large-font-size\">Le badge \u00ab\u00a0organisateur de Festival\u00a0\u00bb Kesako ?<\/p>\n\n\n\n<p>Cliquez <a rel=\"noreferrer noopener\" href=\"https:\/\/www.cercleape.com\/?page_id=5237\" target=\"_blank\">ici<\/a> pour en savoir plus sur les badges propos\u00e9s par le Cercle APE et R\u00e9seau B.O.A.T.<\/p>\n<\/div><\/div>\n","protected":false},"excerpt":{"rendered":"<p>En 2022, le Cercle APE et son partenaire le\u00a0r\u00e9seau B.O.A.T\u00a0participaient \u00e0 la valorisation et \u00e0 la reconnaissance des comp\u00e9tences en &hellip; <\/p>\n","protected":false},"author":12,"featured_media":0,"parent":0,"menu_order":0,"comment_status":"closed","ping_status":"closed","template":"","meta":{"footnotes":""},"class_list":["post-5931","page","type-page","status-publish","hentry"],"_links":{"self":[{"href":"https:\/\/www.cercleape.com\/index.php?rest_route=\/wp\/v2\/pages\/5931","targetHints":{"allow":["GET"]}}],"collection":[{"href":"https:\/\/www.cercleape.com\/index.php?rest_route=\/wp\/v2\/pages"}],"about":[{"href":"https:\/\/www.cercleape.com\/index.php?rest_route=\/wp\/v2\/types\/page"}],"author":[{"embeddable":true,"href":"https:\/\/www.cercleape.com\/index.php?rest_route=\/wp\/v2\/users\/12"}],"replies":[{"embeddable":true,"href":"https:\/\/www.cercleape.com\/index.php?rest_route=%2Fwp%2Fv2%2Fcomments&post=5931"}],"version-history":[{"count":10,"href":"https:\/\/www.cercleape.com\/index.php?rest_route=\/wp\/v2\/pages\/5931\/revisions"}],"predecessor-version":[{"id":6807,"href":"https:\/\/www.cercleape.com\/index.php?rest_route=\/wp\/v2\/pages\/5931\/revisions\/6807"}],"wp:attachment":[{"href":"https:\/\/www.cercleape.com\/index.php?rest_route=%2Fwp%2Fv2%2Fmedia&parent=5931"}],"curies":[{"name":"wp","href":"https:\/\/api.w.org\/{rel}","templated":true}]}}