{"id":6590,"date":"2023-12-18T15:25:35","date_gmt":"2023-12-18T14:25:35","guid":{"rendered":"https:\/\/www.cercleape.com\/?page_id=6590"},"modified":"2024-04-24T20:40:01","modified_gmt":"2024-04-24T18:40:01","slug":"les-evenements-3","status":"publish","type":"page","link":"https:\/\/www.cercleape.com\/?page_id=6590","title":{"rendered":"Les \u00e9v\u00e9nements\u00a0"},"content":{"rendered":"\n<p class=\"has-text-color has-link-color wp-elements-83093d22d6754142399b94a7b2829104\" style=\"color:#6a08abeb\"><strong>&#8211; <a href=\"https:\/\/www.pedagoform.com\/\">B\u00e8gles<\/a><\/strong>&nbsp;: le 17\/01\/2024 &nbsp;(pr\u00e9sentiel)<\/p>\n\n\n\n<figure class=\"wp-block-embed is-type-video is-provider-youtube wp-block-embed-youtube wp-embed-aspect-16-9 wp-has-aspect-ratio\"><div class=\"wp-block-embed__wrapper\">\n<iframe loading=\"lazy\" title=\"FESTIVAL DE L&#039;APPRENDRE BEGLES EDITION 2024\" width=\"750\" height=\"422\" src=\"https:\/\/www.youtube.com\/embed\/NBjy6sfPe1k?feature=oembed\" frameborder=\"0\" allow=\"accelerometer; autoplay; clipboard-write; encrypted-media; gyroscope; picture-in-picture; web-share\" referrerpolicy=\"strict-origin-when-cross-origin\" allowfullscreen><\/iframe>\n<\/div><\/figure>\n\n\n\n<p>&#8211; <strong>Lod\u00e8ve&nbsp;<\/strong> 1 : Th\u00e9atre Forum\/Atelier Fanzines\/ atelier chant, en pr\u00e9sence, les 16, 24 et 29 janvier. <\/p>\n\n\n\n<p>&#8211; <strong>Lod\u00e8ve<\/strong>&nbsp; 2 : Le 25 janvier de 9h30 \u00e0 12h30, en pr\u00e9sence. Forum ouvert cr\u00e9atif acte 2 &#8211; se r\u00e9jouir d&rsquo;apprendre ensemble : Les partenaires locaux, AIO, organisme de formation, Tiers lieux, travailleurs sociaux poursuivent leurs r\u00e9flexions pour produire du changement, innover dans les mani\u00e8res d&rsquo;accompagner les publics<\/p>\n\n\n\n<p class=\"has-text-color has-link-color wp-elements-c9451cff1e4ee5d009a4b0871a3492b5\" style=\"color:#6a08abeb\"><strong>&#8211; <a href=\"https:\/\/www.cercleape.com\/?p=6579\/\">Luxembourg<\/a><\/strong> : le 24\/01\/2024 Visite\u00a0\u00e9motion d&rsquo;un mus\u00e9e\u00a0(pr\u00e9sentiel)<\/p>\n\n\n\n<figure class=\"wp-block-image\"><img loading=\"lazy\" decoding=\"async\" width=\"2000\" height=\"1600\" src=\"https:\/\/www.cercleape.com\/wp-content\/uploads\/2024\/04\/romanphotoCLAE.jpg\" alt=\"Roman photo du CLAE au Festival de l'apprendre - janvier 2024, Luxembourg\" class=\"wp-image-6798\" srcset=\"https:\/\/www.cercleape.com\/wp-content\/uploads\/2024\/04\/romanphotoCLAE.jpg 2000w, https:\/\/www.cercleape.com\/wp-content\/uploads\/2024\/04\/romanphotoCLAE-300x240.jpg 300w, https:\/\/www.cercleape.com\/wp-content\/uploads\/2024\/04\/romanphotoCLAE-1024x819.jpg 1024w, https:\/\/www.cercleape.com\/wp-content\/uploads\/2024\/04\/romanphotoCLAE-150x120.jpg 150w, https:\/\/www.cercleape.com\/wp-content\/uploads\/2024\/04\/romanphotoCLAE-768x614.jpg 768w, https:\/\/www.cercleape.com\/wp-content\/uploads\/2024\/04\/romanphotoCLAE-1536x1229.jpg 1536w\" sizes=\"auto, (max-width: 2000px) 100vw, 2000px\" \/><\/figure>\n\n\n\n<p class=\"has-vivid-cyan-blue-color has-text-color has-link-color wp-elements-b805a0f0a2d0775f74c42391acf37582\">&#8211; <strong><a href=\"https:\/\/www.cercleape.com\/?p=6649\">Montauban :<\/a><\/strong> le 23\/01\/2024 Atelier Web D\u00e9couverte par ELAB CONSEILS de 14h00 \u00e0 16h00 (en ligne)<\/p>\n\n\n\n<p class=\"has-vivid-cyan-blue-color has-text-color has-link-color wp-elements-54aa231090164ec7708e3f0423e42f50\">&#8211;<strong> <a href=\"https:\/\/www.cercleape.com\/?p=6677\">Montpellier<\/a> :<\/strong> le 24\/01\/2024 au matin avec 2 ateliers en ligne sur le Metavers. (en ligne)<\/p>\n\n\n\n<p class=\"has-vivid-cyan-blue-color has-text-color has-link-color wp-elements-8a18e50b1a527acc2feb6e8877667580\">&#8211; <strong><a href=\"https:\/\/www.cercleape.com\/?p=6588\">Montrouge<\/a><\/strong>&nbsp; : Une conf\u00e9rence en ligne propos\u00e9e par <a href=\"https:\/\/cas5-0-urlprotect.trendmicro.com:443\/wis\/clicktime\/v1\/query?url=https%3a%2f%2ffr.linkedin.com%2fcompany%2fifcam&amp;umid=ff86a1f7-fbd3-40c5-97c2-2cf9c42b83a5&amp;auth=180e5662a1233ce947faa7a7c015a1ac922fadfb-01d09ef488ab24dd5f07c0ae5612cf2e748b8b7f\" target=\"_blank\" rel=\"noreferrer noopener\">l\u2019IFCAM<\/a>, ouverte \u00e0 toutes et \u00e0 tous, le 24\/01\/2024 \u00e0 13h30. (en ligne)<\/p>\n\n\n\n<p>&#8211; <strong>Mulhouse<\/strong> : le lundi 22 janvier \u00e0 Mulhouse. Nature et \u00e9motions le matin et art et \u00e9motion (peinture) l&rsquo;apr\u00e8s-midi. Ouvert aux apprenants de l&rsquo;APP.<\/p>\n\n\n\n<p class=\"has-text-color has-link-color wp-elements-21b103e172e10815b6b1203c54d708cb\" style=\"color:#6a08abeb\">&#8211; <strong><a href=\"https:\/\/www.cercleape.com\/?p=6607\">Ancenis<\/a><\/strong> : Le 29\/01\/2024 de 14h \u00e0 16h (pr\u00e9sentiel)&nbsp;<\/p>\n\n\n\n<p class=\"has-vivid-purple-color has-text-color has-link-color wp-elements-e6b18db9c57e115d5808786a268e4bdb\">&#8211; <strong><a href=\"https:\/\/www.cercleape.com\/?p=6633\">Paris<\/a><\/strong> : le 27\/01\/2024 de 14h30 \u00e0 16h30 avec un jeu de piste&nbsp;(pr\u00e9sentiel)<\/p>\n\n\n\n<div class=\"wp-block-group alignfull has-background\" style=\"background-color:#f5eac1;padding-top:6vw;padding-right:6vw;padding-bottom:6vw;padding-left:6vw\"><div class=\"wp-block-group__inner-container is-layout-flow wp-block-group-is-layout-flow\">\n<div class=\"wp-block-group is-vertical is-nowrap is-layout-flex wp-container-core-group-is-layout-287ef9cb wp-block-group-is-layout-flex\" style=\"padding-right:0;padding-left:0\">\n<h6 class=\"wp-block-heading has-text-color\" id=\"ecosystem\" style=\"color:#000000;font-size:16px\">T\u00c9MOIGNAGE<\/h6>\n\n\n\n<p class=\"has-text-color\" style=\"color:#000000;font-size:6vw;font-style:normal;font-weight:700;letter-spacing:0px;line-height:0.9;text-decoration:none;text-transform:none\"><strong>Un jeu sur la piste des \u00e9motions<\/strong><\/p>\n<\/div>\n\n\n\n<div style=\"height:1vw\" aria-hidden=\"true\" class=\"wp-block-spacer\"><\/div>\n\n\n\n<div class=\"wp-block-group alignwide is-vertical is-nowrap is-layout-flex wp-container-core-group-is-layout-8171334d wp-block-group-is-layout-flex\" style=\"padding-top:0;padding-right:0;padding-bottom:0;padding-left:0\">\n<div class=\"wp-block-columns alignwide is-layout-flex wp-container-core-columns-is-layout-2656d967 wp-block-columns-is-layout-flex\">\n<div class=\"wp-block-column is-layout-flow wp-block-column-is-layout-flow\" style=\"flex-basis:33.38%\">\n<p>Le spectacle d\u00e9bute sous le soleil de Paris, cet apr\u00e8s-midi d\u2019hiver, dans une ambiance familiale et r\u00e9confortante. L\u2019id\u00e9e chemine dans nos t\u00eates, notre c\u0153ur et nos jambes, au fil des d\u00e9couvertes du quartier. D\u2019abord sur l\u2019impulsion de la guidance, puis \u00e0 l\u2019initiative des individus, nos pas se dirigent vers le c\u0153ur de Montmartre. <\/p>\n<\/div>\n\n\n\n<div class=\"wp-block-column is-layout-flow wp-block-column-is-layout-flow\" style=\"flex-basis:33%\">\n<div style=\"height:2vw\" aria-hidden=\"true\" class=\"wp-block-spacer\"><\/div>\n\n\n\n<div class=\"wp-block-columns is-layout-flex wp-container-core-columns-is-layout-9d6595d7 wp-block-columns-is-layout-flex\">\n<div class=\"wp-block-column is-layout-flow wp-block-column-is-layout-flow\" style=\"flex-basis:100%\"><div class=\"wp-block-image\">\n<figure class=\"aligncenter size-large is-resized\"><img loading=\"lazy\" decoding=\"async\" width=\"768\" height=\"1024\" src=\"https:\/\/www.cercleape.com\/wp-content\/uploads\/2024\/02\/1706446595000-768x1024.jpg\" alt=\"\" class=\"wp-image-6730\" style=\"width:263px;height:auto\" srcset=\"https:\/\/www.cercleape.com\/wp-content\/uploads\/2024\/02\/1706446595000-768x1024.jpg 768w, https:\/\/www.cercleape.com\/wp-content\/uploads\/2024\/02\/1706446595000-225x300.jpg 225w, https:\/\/www.cercleape.com\/wp-content\/uploads\/2024\/02\/1706446595000-112x150.jpg 112w, https:\/\/www.cercleape.com\/wp-content\/uploads\/2024\/02\/1706446595000-1152x1536.jpg 1152w, https:\/\/www.cercleape.com\/wp-content\/uploads\/2024\/02\/1706446595000.jpg 1280w\" sizes=\"auto, (max-width: 768px) 100vw, 768px\" \/><\/figure>\n<\/div><\/div>\n<\/div>\n<\/div>\n\n\n\n<div class=\"wp-block-column is-layout-flow wp-block-column-is-layout-flow\" style=\"flex-basis:33.62%\"><\/div>\n<\/div>\n\n\n\n<div class=\"wp-block-columns alignwide is-layout-flex wp-container-core-columns-is-layout-724a882f wp-block-columns-is-layout-flex\">\n<div class=\"wp-block-column is-layout-flow wp-block-column-is-layout-flow\" style=\"flex-basis:69%\">\n<div class=\"wp-block-columns is-layout-flex wp-container-core-columns-is-layout-9d6595d7 wp-block-columns-is-layout-flex\">\n<div class=\"wp-block-column is-layout-flow wp-block-column-is-layout-flow\" style=\"flex-basis:100%\">\n<figure class=\"wp-block-image size-large\"><img loading=\"lazy\" decoding=\"async\" width=\"1024\" height=\"873\" src=\"https:\/\/www.cercleape.com\/wp-content\/uploads\/2024\/02\/1706437757121-1024x873.jpg\" alt=\"\" class=\"wp-image-6731\" srcset=\"https:\/\/www.cercleape.com\/wp-content\/uploads\/2024\/02\/1706437757121-1024x873.jpg 1024w, https:\/\/www.cercleape.com\/wp-content\/uploads\/2024\/02\/1706437757121-300x256.jpg 300w, https:\/\/www.cercleape.com\/wp-content\/uploads\/2024\/02\/1706437757121-150x128.jpg 150w, https:\/\/www.cercleape.com\/wp-content\/uploads\/2024\/02\/1706437757121-768x655.jpg 768w, https:\/\/www.cercleape.com\/wp-content\/uploads\/2024\/02\/1706437757121-1536x1309.jpg 1536w, https:\/\/www.cercleape.com\/wp-content\/uploads\/2024\/02\/1706437757121.jpg 1802w\" sizes=\"auto, (max-width: 1024px) 100vw, 1024px\" \/><\/figure>\n<\/div>\n<\/div>\n<\/div>\n\n\n\n<div class=\"wp-block-column is-vertically-aligned-center is-layout-flow wp-block-column-is-layout-flow\" style=\"flex-basis:33%\">\n<div style=\"height:2vw\" aria-hidden=\"true\" class=\"wp-block-spacer\"><\/div>\n\n\n\n<p class=\"has-text-color\" style=\"color:#000000;font-size:17px\">Sacr\u00e9 parcours, qui se brouille parfois et s\u2019\u00e9gare, \u00e0 la rencontre d\u2019un habitant, autrefois voisin d\u2019un illustre \u00e9crivain. Des images cin\u00e9matographiques se m\u00ealent \u00e0 la musique et la po\u00e9sie, du classique au cancan. Derri\u00e8re l\u2019\u00e9v\u00eaque sans t\u00eate se profile une silhouette. Pass\u00e9s les deux moulins, le caf\u00e9 est au coin. Au final, nous avons bonne mine sur la place blanche, puis le rideau se ferme.<\/p>\n<\/div>\n<\/div>\n<\/div>\n<\/div><\/div>\n\n\n\n<p class=\"has-vivid-cyan-blue-color has-text-color has-link-color wp-elements-8f9b35faf86d7b19515fd907e8a73134\">&#8211; <strong><a href=\"https:\/\/www.linkedin.com\/posts\/sonia-mangin%F0%9F%8C%9E-alegriagogia-%F0%9F%8C%9E-7a012a4b_festivaldelapprendre-formation-plaisirdapprendre-activity-7152997164820881408-DsdN\/?utm_source=share&amp;utm_medium=member_desktop\">Pau <\/a><\/strong><a href=\"https:\/\/cas5-0-urlprotect.trendmicro.com\/wis\/clicktime\/v1\/query?url=https%3a%2f%2fphantom%2dragdoll%2db4b.notion.site%2fSouriez%2dvous%2dtes%2dform%2de%2ds%2d1eaf0d09cb524e5597935d3e6ddc1bdc&amp;umid=4e763ec5-5ee6-43e4-afd7-4df48e49cb97&amp;auth=180e5662a1233ce947faa7a7c015a1ac922fadfb-8a419b855ecf56f8691c7d471c7787f696afcbe2\">:<\/a> \u00ab\u00a0Souriez, vous \u00eates form\u00e9-es\u00a0\u00bb &#8211; en ligne via Linked&rsquo;in du lundi 22 au vendredi 26 janvier<\/p>\n\n\n\n<p class=\"has-vivid-cyan-blue-color has-text-color has-link-color wp-elements-5ec56ddf199718b50e16f3c344edeb62\">&#8211;<a href=\"https:\/\/latelierduformateur.fr\/webinaire-festival-de-lapprendre-et-si-la-formation-rimait-avec-emotion\/?fbclid=IwAR1OPwvlbhQOixjZ7MyTm3O5_vKazYvjysQ-ica_yu9eYtWcz3kjY-20IUY\"> <strong>Rennes<\/strong> :<\/a> le 24\/01\/2024 en ligne \u00e0 11h00 &gt; Et si la formation rimait avec \u00e9motions (en ligne)<\/p>\n\n\n\n<p class=\"has-text-color has-link-color wp-elements-9f69fc831164b04f77f36edfc3cb0057\" style=\"color:#6a08abeb\">&#8211; <strong><a href=\"https:\/\/www.cercleape.com\/?p=6621\">Rouen<\/a><\/strong> : le 24\/01\/204 de 17h30 \u00e019h30 &gt; Mini conf\u00e9rence et s\u00e9rie d&rsquo;ateliers&nbsp;courts ; \u00ab\u00a0Que d&rsquo;\u00e9motions\u00a0\u00bb (pr\u00e9sentiel)<\/p>\n\n\n\n<p class=\"has-text-color has-link-color wp-elements-2533296aee4e2063eaf35d141553e6af\" style=\"color:#6a08abeb\">&#8211; <strong><a href=\"https:\/\/urlz.fr\/oQv5\">Toulouse<\/a><\/strong> : le 24\/01\/2024 au matin (pr\u00e9sentiel)<br> &nbsp;<\/p>\n\n\n\n<figure class=\"wp-block-image size-large\"><img loading=\"lazy\" decoding=\"async\" width=\"1024\" height=\"724\" src=\"https:\/\/www.cercleape.com\/wp-content\/uploads\/2023\/09\/festival-1024x724.png\" alt=\"\" class=\"wp-image-6553\" srcset=\"https:\/\/www.cercleape.com\/wp-content\/uploads\/2023\/09\/festival-1024x724.png 1024w, https:\/\/www.cercleape.com\/wp-content\/uploads\/2023\/09\/festival-300x212.png 300w, https:\/\/www.cercleape.com\/wp-content\/uploads\/2023\/09\/festival-768x543.png 768w, https:\/\/www.cercleape.com\/wp-content\/uploads\/2023\/09\/festival-1536x1086.png 1536w, https:\/\/www.cercleape.com\/wp-content\/uploads\/2023\/09\/festival.png 2000w\" sizes=\"auto, (max-width: 1024px) 100vw, 1024px\" \/><\/figure>\n\n\n\n<p><strong>Plus d&rsquo;informations :<\/strong><\/p>\n\n\n\n<p>&#8211; &gt; Notre communaut\u00e9 <a href=\"https:\/\/www.linkedin.com\/company\/cercle-ape-apprendre-ensemble\/?viewAsMember=true\">Linked&rsquo;in&nbsp;<\/a><\/p>\n\n\n\n<p>&#8211; &gt; Annonce g\u00e9n\u00e9rique des festivals du <a href=\"https:\/\/www.learning-planet.org\/event\/festival-de-lapprendre-2024-espaces-emotions\/\">#cercleape sur la plate-forme LPi<\/a>&nbsp;<\/p>\n\n\n\n<p>&#8211; &gt; Annonce de tous les festivals d\u00e9clar\u00e9s <a href=\"https:\/\/www.learning-planet.org\/calendar\/\">sur la plate-forme LPi&nbsp;<\/a><\/p>\n","protected":false},"excerpt":{"rendered":"<p>&#8211; B\u00e8gles&nbsp;: le 17\/01\/2024 &nbsp;(pr\u00e9sentiel) &#8211; Lod\u00e8ve&nbsp; 1 : Th\u00e9atre Forum\/Atelier Fanzines\/ atelier chant, en pr\u00e9sence, les 16, 24 et &hellip; <\/p>\n","protected":false},"author":12,"featured_media":0,"parent":0,"menu_order":0,"comment_status":"closed","ping_status":"closed","template":"","meta":{"footnotes":""},"class_list":["post-6590","page","type-page","status-publish","hentry"],"_links":{"self":[{"href":"https:\/\/www.cercleape.com\/index.php?rest_route=\/wp\/v2\/pages\/6590","targetHints":{"allow":["GET"]}}],"collection":[{"href":"https:\/\/www.cercleape.com\/index.php?rest_route=\/wp\/v2\/pages"}],"about":[{"href":"https:\/\/www.cercleape.com\/index.php?rest_route=\/wp\/v2\/types\/page"}],"author":[{"embeddable":true,"href":"https:\/\/www.cercleape.com\/index.php?rest_route=\/wp\/v2\/users\/12"}],"replies":[{"embeddable":true,"href":"https:\/\/www.cercleape.com\/index.php?rest_route=%2Fwp%2Fv2%2Fcomments&post=6590"}],"version-history":[{"count":39,"href":"https:\/\/www.cercleape.com\/index.php?rest_route=\/wp\/v2\/pages\/6590\/revisions"}],"predecessor-version":[{"id":6799,"href":"https:\/\/www.cercleape.com\/index.php?rest_route=\/wp\/v2\/pages\/6590\/revisions\/6799"}],"wp:attachment":[{"href":"https:\/\/www.cercleape.com\/index.php?rest_route=%2Fwp%2Fv2%2Fmedia&parent=6590"}],"curies":[{"name":"wp","href":"https:\/\/api.w.org\/{rel}","templated":true}]}}